{"id":1563,"date":"2026-04-26T18:39:25","date_gmt":"2026-04-26T18:39:25","guid":{"rendered":"https:\/\/dtt-ic.com\/?page_id=1563"},"modified":"2026-04-26T18:41:23","modified_gmt":"2026-04-26T18:41:23","slug":"nos-prestations","status":"publish","type":"page","link":"https:\/\/dtt-ic.com\/?page_id=1563","title":{"rendered":"Nos prestations"},"content":{"rendered":"<p>&nbsp;<\/p>\n<p style=\"text-align: center;\"><strong><u>Liste des r\u00e9f\u00e9rences pertinentes pour le projet<\/u><\/strong><\/p>\n<table style=\"width: 100%; height: 1480px;\" width=\"0\">\n<thead>\n<tr style=\"height: 24px;\">\n<td style=\"text-align: center; height: 24px;\" width=\"416\"><strong>Projet \/ Etude<\/strong><\/td>\n<td style=\"text-align: center; height: 24px;\" width=\"85\"><strong>D\u00e9but<\/strong><\/td>\n<td style=\"text-align: center; height: 24px;\" width=\"95\"><strong>Fin<\/strong><\/td>\n<td style=\"text-align: center; height: 24px;\" width=\"94\"><strong>Pays<\/strong><\/td>\n<td style=\"text-align: center; height: 24px;\" width=\"95\"><strong>Montant\u00a0(\u20ac)<\/strong><\/td>\n<td style=\"text-align: center; height: 24px;\" width=\"236\"><strong>Client<\/strong><\/td>\n<\/tr>\n<\/thead>\n<tbody>\n<tr style=\"height: 56px;\">\n<td style=\"height: 56px;\" colspan=\"6\" width=\"1021\">\n<p style=\"text-align: center;\"><strong><em>\u00a0DTT INGENIERIE-CONSEILS<\/em><\/strong><\/p>\n<\/td>\n<\/tr>\n<tr style=\"height: 168px;\">\n<td style=\"height: 168px;\" width=\"416\">MAITRISE D\u2019\u0152UVRE POUR LA PREPARATION ET LA SUPERVISION DES TRAVAUX DE CONSTRUCTION DES 46 SALLES DE CLASSES ET OUVRAGES CONNEXES DANS LES COMMUNES DE DJIRATAOUA, TCHADOUA, GAZAOUA ET TESSAOUA DE LA PHASE D\u2019URGENCE DANS LA REGION DE MARADI.<\/td>\n<td style=\"height: 168px;\" width=\"85\">26\/10\/2025<\/td>\n<td style=\"height: 168px;\" width=\"95\">Encours<\/td>\n<td style=\"height: 168px;\" width=\"94\">Niger<\/td>\n<td style=\"height: 168px;\" width=\"95\">68,000<\/td>\n<td style=\"height: 168px;\" width=\"236\">Projet NIGER-LIRE<\/td>\n<\/tr>\n<tr style=\"height: 136px;\">\n<td style=\"height: 136px;\" width=\"416\">R\u00e9alisation d\u2019\u00e9tudes techniques, \u00e9laboration des dossiers d\u2019appels d\u2019offres et suivi-contr\u00f4le des travaux relatifs \u00e0 la r\u00e9habilitation et la construction d\u2019infrastructures dans la zone d\u2019intervention du projet ASYPON GMV, R\u00e9gion de Tillab\u00e9ri<\/td>\n<td style=\"height: 136px;\" width=\"85\">&nbsp;<\/p>\n<p>15\/11\/2025<\/p>\n<p>&nbsp;<\/td>\n<td style=\"height: 136px;\" width=\"95\">Encours<\/td>\n<td style=\"height: 136px;\" width=\"94\">Niger<\/td>\n<td style=\"height: 136px;\" width=\"95\">60,532<\/td>\n<td style=\"height: 136px;\" width=\"236\">Enabel \/Niger<\/td>\n<\/tr>\n<tr style=\"height: 136px;\">\n<td style=\"height: 136px;\" width=\"416\">Etudes Techniques (APS, APD et DAO), Suivi et Contr\u00f4le des travaux de magasins et Bureaux et am\u00e9nagement des sites maraichers, forages,<\/td>\n<td style=\"height: 136px;\" width=\"85\">&nbsp;<\/p>\n<p>24\/02\/2025<\/p>\n<p>&nbsp;<\/td>\n<td style=\"height: 136px;\" width=\"95\">15\/06\/2025<\/td>\n<td style=\"height: 136px;\" width=\"94\">Niger<\/td>\n<td style=\"height: 136px;\" width=\"95\">18,000<\/td>\n<td style=\"height: 136px;\" width=\"236\">Consortium ADD-ONPHDB<\/td>\n<\/tr>\n<tr style=\"height: 536px;\">\n<td style=\"height: 536px;\" width=\"416\">Etudes Techniques et contr\u00f4le des travaux de construction d\u2019un village model\u00a0compos\u00e9 de\u00a0:<\/p>\n<p>&#8211;\u00a0\u00a0\u00a0\u00a0 100 logements<\/p>\n<p>&#8211;\u00a0\u00a0\u00a0\u00a0 4150 m\u00e8tres lin\u00e9aires de mur de cl\u00f4ture\u00a0;<\/p>\n<p>&#8211;\u00a0\u00a0\u00a0\u00a0 \u00a0Douze (12) salles de classes\u00a0;<\/p>\n<p>&#8211;\u00a0\u00a0\u00a0\u00a0 Une biblioth\u00e8que\u00a0de 104 m2 ;<\/p>\n<p>&#8211;\u00a0\u00a0\u00a0\u00a0 Un bloc administratif\u00a0;<\/p>\n<p>&#8211;\u00a0\u00a0\u00a0\u00a0 Une mosqu\u00e9e de 200 m2 et 2 blocs de toilettes VIP\u00a0;<\/p>\n<p>&#8211;\u00a0\u00a0\u00a0\u00a0 Un centre de sant\u00e9 int\u00e9gr\u00e9 de type 2\u00a0;<\/p>\n<p>&#8211;\u00a0\u00a0\u00a0\u00a0 Un syst\u00e8me d\u2019adduction d\u2019eau potable avec un r\u00e9servoir en inox de 30 m3<\/p>\n<p>Construit dans le village de Borgo Darey, commune de Tagazar, d\u00e9partement de Balleyara et r\u00e9gion de Tillab\u00e9ri<\/td>\n<td style=\"height: 536px;\" width=\"85\">&nbsp;<\/p>\n<p>30\/02\/2023<\/p>\n<p>&nbsp;<\/td>\n<td style=\"height: 536px;\" width=\"95\">29\/10\/2023<\/td>\n<td style=\"height: 536px;\" width=\"94\">Niger<\/td>\n<td style=\"height: 536px;\" width=\"95\">39,400<\/td>\n<td style=\"height: 536px;\" width=\"236\">ONG Qatar Charity<\/td>\n<\/tr>\n<tr style=\"height: 136px;\">\n<td style=\"height: 136px;\" width=\"416\">Etudes g\u00e9ophysiques (sondage \u00e9lectrique) de 21 sites pour les implantions de 25 forages d\u2019eau dans la r\u00e9gion de Tillab\u00e9ry<\/td>\n<td style=\"height: 136px;\" width=\"85\">&nbsp;<\/p>\n<p>18\/05\/2021<\/p>\n<p>&nbsp;<\/td>\n<td style=\"height: 136px;\" width=\"95\">17\/10\/2021<\/td>\n<td style=\"height: 136px;\" width=\"94\">Niger<\/td>\n<td style=\"height: 136px;\" width=\"95\">11,204<\/td>\n<td style=\"height: 136px;\" width=\"236\">ONG Qatar Charity<\/td>\n<\/tr>\n<tr style=\"height: 144px;\">\n<td style=\"height: 144px;\" width=\"416\">ETUDES (APS, APD et DAO), SUIVI ET CONTROLE DES TRAVAUX D\u2019AMENAGEMENT DE DEUX (02) SITES MARAICHERS\u00a0DE 2 Ha ET 4 Ha, CONSTRUCTION DE DEUX MAGASINS, ET DE DEUX BLOCS LATRINES A MORI DANS LA REGION DE DOSSO<\/td>\n<td style=\"height: 144px;\" width=\"85\">&nbsp;<\/p>\n<p>18\/05\/2021<\/p>\n<p>&nbsp;<\/td>\n<td style=\"height: 144px;\" width=\"95\">17\/10\/2021<\/td>\n<td style=\"height: 144px;\" width=\"94\">&nbsp;<\/p>\n<p>Niger<\/td>\n<td style=\"height: 144px;\" width=\"95\">26,219<\/p>\n<p>&nbsp;<\/td>\n<td style=\"height: 144px;\" width=\"236\">ONG ONPHDB<\/p>\n<p>&nbsp;<\/td>\n<\/tr>\n<tr style=\"height: 144px;\">\n<td style=\"height: 144px;\" width=\"416\">ETUDES (APS, APD et DAO), SUIVI ET CONTROLE DES TRAVAUX D\u2019AMENAGEMENT D\u2019UN PERIMETRE IRRIGUE\u00a0DE 5 Ha, CONSTRUCTION D&rsquo;UN MAGASIN, DE DEUX HANGARS ET DE DEUX BLOCS LATRINES A GOTHEYE DANS LA REGION DE TILLABERI<\/td>\n<td style=\"height: 144px;\" width=\"85\">&nbsp;<\/p>\n<p>15\/03\/2020<\/p>\n<p>&nbsp;<\/td>\n<td style=\"height: 144px;\" width=\"95\">14\/08\/2020<\/td>\n<td style=\"height: 144px;\" width=\"94\">&nbsp;<\/p>\n<p>Niger<\/td>\n<td style=\"height: 144px;\" width=\"95\">23,628<\/td>\n<td style=\"height: 144px;\" width=\"236\">ONG ONPHDB<\/p>\n<p>&nbsp;<\/td>\n<\/tr>\n<\/tbody>\n<\/table>\n<p>&nbsp;<\/p>\n","protected":false},"excerpt":{"rendered":"<p>&nbsp; Liste des r\u00e9f\u00e9rences pertinentes pour le projet Projet \/ Etude D\u00e9but Fin Pays Montant\u00a0(\u20ac) Client \u00a0DTT INGENIERIE-CONSEILS MAITRISE D\u2019\u0152UVRE POUR LA PREPARATION ET LA SUPERVISION DES TRAVAUX DE CONSTRUCTION DES 46 SALLES DE CLASSES ET OUVRAGES CONNEXES DANS LES COMMUNES DE DJIRATAOUA, TCHADOUA, GAZAOUA ET TESSAOUA DE LA PHASE D\u2019URGENCE DANS LA REGION DE [&hellip;]<\/p>\n","protected":false},"author":1,"featured_media":0,"parent":0,"menu_order":0,"comment_status":"closed","ping_status":"closed","template":"","meta":{"_seopress_robots_primary_cat":"","_seopress_titles_title":"","_seopress_titles_desc":"","_seopress_robots_index":"","footnotes":""},"class_list":["post-1563","page","type-page","status-publish","hentry"],"_links":{"self":[{"href":"https:\/\/dtt-ic.com\/index.php?rest_route=\/wp\/v2\/pages\/1563","targetHints":{"allow":["GET"]}}],"collection":[{"href":"https:\/\/dtt-ic.com\/index.php?rest_route=\/wp\/v2\/pages"}],"about":[{"href":"https:\/\/dtt-ic.com\/index.php?rest_route=\/wp\/v2\/types\/page"}],"author":[{"embeddable":true,"href":"https:\/\/dtt-ic.com\/index.php?rest_route=\/wp\/v2\/users\/1"}],"replies":[{"embeddable":true,"href":"https:\/\/dtt-ic.com\/index.php?rest_route=%2Fwp%2Fv2%2Fcomments&post=1563"}],"version-history":[{"count":3,"href":"https:\/\/dtt-ic.com\/index.php?rest_route=\/wp\/v2\/pages\/1563\/revisions"}],"predecessor-version":[{"id":1570,"href":"https:\/\/dtt-ic.com\/index.php?rest_route=\/wp\/v2\/pages\/1563\/revisions\/1570"}],"wp:attachment":[{"href":"https:\/\/dtt-ic.com\/index.php?rest_route=%2Fwp%2Fv2%2Fmedia&parent=1563"}],"curies":[{"name":"wp","href":"https:\/\/api.w.org\/{rel}","templated":true}]}}